 a factor of 122947061?
False
Does 5 divide 50666085?
True
Is 9 a factor of 4714065?
True
Is 1800 a factor of 143958390?
False
Is 83 a factor of 6388571?
False
Is 55065918 a multiple of 1988?
False
Is 1843303842 a multiple of 26?
False
Does 185 divide 157839647?
False
Does 11 divide 1576518841?
False
Is 6 a factor of 27005442?
True
Does 57 divide 41399043?
True
Does 17 divide 7959073?
False
Is 3465999410 a multiple of 80?
False
Is 2219 a factor of 554846299?
False
Does 25 divide 4250639675?
True
Does 31 divide 544889154?
False
Does 70 divide 61920259?
False
Is 3402618663 a multiple of 2721?
True
Is 193 a factor of 409166755?
True
Does 248 divide 912230371?
False
Is 202 a factor of 24475134?
False
Is 179622683 a multiple of 12?
False
Does 30 divide 20534866?
False
Is 116 a factor of 4845001?
False
Is 17 a factor of 11315200?
True
Does 372 divide 156779400?
True
Is 67 a factor of 16853850?
True
Does 56 divide 64298170?
False
Is 76 a factor of 171711056?
True
Is 73 a factor of 31226699?
True
Is 864217733 a multiple of 400?
False
Does 21 divide 3210386577?
False
Is 7 a factor of 79951529?
True
Is 66 a factor of 3552111389?
False
Is 180782729 a multiple of 33?
False
Is 52418169 a multiple of 44?
False
Is 149 a factor of 44578330?
False
Is 148 a factor of 22798599?
False
Does 7 divide 15216582?
False
Is 110 a factor of 41104778?
False
Is 38 a factor of 33602678?
True
Is 6 a factor of 151521434?
False
Is 194968116 a multiple of 63?
True
Is 284 a factor of 292567336?
False
Does 58 divide 81133358?
True
Does 663 divide 39949728?
True
Is 3896 a factor of 1485755711?
False
Does 37 divide 358105869?
True
Does 2134 divide 364892660?
True
Is 1013370173 a multiple of 1787?
True
Does 472 divide 60452114?
False
Does 3 divide 8676450?
True
Is 317189818 a multiple of 146?
True
Does 14 divide 4468002?
True
Is 49997090 a multiple of 5?
True
Is 605 a factor of 725079986?
False
Is 57 a factor of 105124416?
True
Does 145 divide 1517973178?
False
Does 78 divide 30813042?
True
Is 879 a factor of 3415794?
True
Is 224847187 a multiple of 2826?
False
Is 1644 a factor of 18319092?
True
Is 419209673 a multiple of 3893?
False
Is 54517185 a multiple of 46?
False
Does 289 divide 100277798?
True
Is 16 a factor of 49823808?
True
Does 27 divide 26705808?
True
Does 15 divide 5527537995?
True
Does 17 divide 790896753?
False
Is 5 a factor of 2004852400?
True
Does 5707 divide 3184818206?
False
Does 1479 divide 461686119?
True
Is 28 a factor of 1746694786?
False
Is 109 a factor of 260834814?
False
Is 50515900 a multiple of 117?
False
Is 9 a factor of 778526901?
True
Is 489662632 a multiple of 152?
False
Is 934 a factor of 233255603?
False
Is 17557676 a multiple of 9?
False
Is 2597303458 a multiple of 12?
False
Is 992422263 a multiple of 206?
False
Is 131796736 a multiple of 78?
False
Is 4197239552 a multiple of 12232?
True
Is 1253 a factor of 4609787?
True
Does 14 divide 17055863?
False
Is 2915 a factor of 27197579?
False
Does 14 divide 243228020?
True
Does 95 divide 1088341755?
True
Is 67885331 a multiple of 2239?
False
Does 13 divide 113944857?
True
Is 20 a factor of 13745500?
True
Is 399 a factor of 112530768?
True
Is 21662717 a multiple of 5?
False
Is 390209184 a multiple of 36?
True
Does 335 divide 110366475?
False
Does 5582 divide 1330709726?
True
Is 464441296 a multiple of 1124?
True
Is 969023280 a multiple of 5055?
True
Does 83 divide 39243167?
False
Does 8962 divide 2053776730?
True
Does 116 divide 10631751?
False
Does 576 divide 27298665?
False
Is 1281 a factor of 212656497?
False
Is 1202418596 a multiple of 97?
True
Is 45035244 a multiple of 12?
True
Is 9328537 a multiple of 10?
False
Is 32 a factor of 98930560?
True
Is 105819360 a multiple of 760?
True
Is 27366885 a multiple of 1169?
False
Is 19459776 a multiple of 42?
True
Does 19 divide 827785887?
False
Is 7 a factor of 433757126?
False
Is 27318284 a multiple of 259?
True
Is 390823902 a multiple of 49?
True
Does 35 divide 86801855?
True
Is 365179808 a multiple of 863?
False
Is 192 a factor of 7737984?
True
Does 70 divide 227269341?
False
Does 331 divide 15265389?
True
Is 255 a factor of 65757277?
False
Is 33606671 a multiple of 92?
False
Is 266 a factor of 689481308?
False
Does 3748 divide 77641950?
False
Is 868025176 even?
True
Is 81544330 a multiple of 14?
True
Is 669 a factor of 37669716?
False
Is 408310608 a multiple of 2774?
True
Is 50 a factor of 1030997?
False
Is 18 a factor of 1517224794?
False
Is 225 a factor of 712508400?
True
Is 41240680 a multiple of 10?
True
Is 30 a factor of 4170617?
False
Is 14 a factor of 470191834?
True
Does 14 divide 15965670?
True
Is 1671373725 a multiple of 8927?
False
Is 3630710231 a multiple of 434?
False
Is 79420103 a multiple of 72?
False
Does 127 divide 8197119?
False
Does 13 divide 1605279?
True
Is 18 a factor of 4565525469?
False
Is 17 a factor of 42904107?
True
Is 713244 a multiple of 294?
True
Is 15 a factor of 58903729?
False
Does 35 divide 64256131?
False
Is 88 a factor of 64533392?
True
Does 58 divide 2415387612?
True
Is 147 a factor of 214250517?
False
Does 147 divide 1237704153?
False
Is 84 a factor of 2903292?
True
Is 35359564 a multiple of 76?
False
Is 298763 a multiple of 6?
False
Does 248 divide 1327572?
False
Is 29703765 a multiple of 195?
True
Is 1280 a factor of 1255957760?
True
Does 109 divide 1278828984?
True
Is 4915 a factor of 103737364?
False
Does 80 divide 2311527520?
True
Is 1330380 a multiple of 389?
True
Is 304231483 a multiple of 806?
False
Does 263 divide 80171425?
False
Is 452108055 a multiple of 581?
True
Is 67 a factor of 272459626?
False
Is 36403135 a multiple of 93?
False
Is 282480440 a multiple of 802?
True
Does 211 divide 46066786?
True
Is 324 a factor of 2674296?
True
Is 70 a factor of 580511120?
True
Is 1866 a factor of 728958498?
True
Is 802 a factor of 26428306?
True
Is 300 a factor of 15850173?
False
Is 211 a factor of 169912562?
False
Is 946093889 a multiple of 19?
False
Does 8 divide 16073793?
False
Is 316 a factor of 503496411?
False
Does 693 divide 261105165?
False
Does 9 divide 4882410?
True
Is 220 a factor of 434986860?
True
Does 119 divide 79315482?
False
Is 235 a factor of 66601376?
False
Is 38 a factor of 851037622?
False
Is 184557275 a multiple of 1225?
True
Is 835969877 a multiple of 3967?
True
Does 22 divide 609575019?
False
Is 24 a factor of 28125480?
True
Does 30 divide 644602110?
True
Does 19 divide 874765811?
False
Is 18180570 a multiple of 865?
True
Does 2639 divide 550744875?
False
Is 24739062 a multiple of 6?
True
Is 11 a factor of 31481429?
False
Does 2394 divide 64417752?
True
Is 2126 a factor of 31894252?
True
Is 2846 a factor of 182310001?
False
Does 10 divide 547556165?
False
Is 727593908 a multiple of 3103?
False
Does 1206 divide 243599940?
True
Is 44 a factor of 634255996?
True
Is 392883329 a multiple of 84?
False
Is 32 a factor of 530144?
True
Is 1146877 even?
False
Is 6698 a factor of 379000628?
False
Is 16 a factor of 957122090?
False
Does 2108 divide 419443516?
True
Is 97181040 a multiple of 22?
True
Does 661 divide 44370947?
True
Does 490 divide 354712035?
False
Is 4 a factor of 326409884?
True
Is 50 a factor of 4182950?
True
Does 257 divide 67361242?
True
Does 16 divide 265894736?
True
Is 2463 a factor of 10477955?
False
Does 8676 divide 1125500468?
False
Is 819 a factor of 18650268?
True
Is 11 a factor of 312849267?
False
Is 282812972 a multiple of 281?
False
Is 22 a factor of 38437598?
False
Does 18 divide 924044814?
True
Is 124 a factor of 3896427?
False
Does 212 divide 376168984?
True
Does 193 divide 2324007763?
True
Does 134 divide 15892580?
False
Is 17553623 a multiple of 518?
False
Does 882 divide 124675992?
True
Does 20 divide 371819660?
True
Does 39 divide 2464427?
False
Is 414 a factor of 224839260?
True
Is 43790132 a multiple of 15?
False
Is 412 a factor of 185716525?
False
Is 983377362 a multiple of 3238?
True
Is 3799026 a multiple of 18?
True
Is 158 a factor of 712022734?
True
Is 204 a factor of 62781495?
False
Is 158 a factor of 48572671?
False
Is 833 a factor of 90619571?
True
Is 9233 a factor of 453207892?
False
Is 76 a factor of 862588?
False
Does 32 divide 8116288?
True
Is 1801 a factor of 560959850?
False
Is 52194377 a multiple of 42?
False
Is 64 a factor of 5167687232?
True
Does 17 div